 What is the units digit of a?
8
Let p(q) = 5*q**2 + 10*q - 7. Let t(v) = -9*v**2 - 19*v + 15. Let y(w) = -7*p(w) - 4*t(w). Let m be y(-8). Suppose m*u = 125 + 65. What is the tens digit of u?
3
Let f(d) = 59*d - 9. Let y be f(5). Suppose 4*p - y = 3*m, -m + 4*m = -3*p + 204. What is the tens digit of p?
7
Suppose 198*h = 213*h - 11865. What is the tens digit of h?
9
Let h(i) be the third derivative of -i**4/12 + 5*i**3/6 + 2*i**2. Let w be h(4). What is the tens digit of (4 + w)*(-51)/(-3)?
1
Let i(j) = -2*j**3 + 27*j**2 - 15*j + 5. Let s(l) = -l**3 + 13*l**2 - 7*l + 3. Let x(v) = -3*i(v) + 7*s(v). Let b = 34 + -25. What is the tens digit of x(b)?
5
Let y(z) = z + 8. Suppose -2*p = -3*p + 4. Let b be y(p). Suppose -d = -0*d - b. What is the tens digit of d?
1
Let a(m) = 86*m - 209. What is the hundreds digit of a(10)?
6
Let j(n) = 1139*n + 3. What is the tens digit of j(1)?
4
Let s = -247 + 838. What is the units digit of s?
1
Suppose 0 = 22*a - 38087 - 11633. What is the thousands digit of a?
2
Let n(h) = h**2 - h. Let f be n(8). Let a be ((-6)/(-4))/(12/f). Let l = a + -1. What is the units digit of l?
6
Suppose -5*a + 4*f + 14 = -10, 4*a = -5*f + 11. Suppose -a*d = d - 20. Suppose -61 = -d*b + 51. What is the tens digit of b?
2
Suppose 28 = -5*b + 38. Let h = 16 - 22. Let u = b - h. What is the units digit of u?
8
Let w(v) = v + 2. Let l be w(-2). Suppose l = -7*a + 18 + 59. What is the tens digit of a?
1
Suppose -2*d - 6 + 16 = 0. Suppose u - 7 = -d. What is the units digit of u?
2
Let d(h) = -19*h - 13. Let a be d(-9). Suppose -10*p + 6*p + 56 = 0. What is the units digit of 16/(-56) + a/p?
1
Let f = 23 - 11. Let n be 0 - 0 - (f - 24). Let x = n - 8. What is the units digit of x?
4
Let u(b) = b**2 - 7*b - 8. Suppose -w = -m - 7, -m - 2*m - 11 = 2*w. Let h be w/8 + (-351)/(-36). What is the units digit of u(h)?
2
Suppose 0 = 4*a + 2*p - 198, 0*a = 2*a - p - 105. Suppose 2*l = -2*g - 10, 4*g + 20 = g - 4*l. Suppose g = 2*b + b - a. What is the units digit of b?
7
Let y = 1698 + -1140. What is the tens digit of y?
5
Suppose 2336 = z + y, 0 = 6*z - 4*z - 3*y - 4697. What is the hundreds digit of z?
3
Suppose 42361 = 66*w - 11033. What is the tens digit of w?
0
Let c = 1489 + 837. What is the units digit of c?
6
Let c(u) = -3 - 4*u + 5 + u**3 + 16*u**2 - 18 - 4*u**2. What is the units digit of c(-12)?
2
Let v(z) be the second derivative of z**3 + 2/3*z**4 - 2*z + 1/20*z**5 + 0 + 3/2*z**2. What is the units digit of v(-7)?
0
Let f = 33 - 37. What is the units digit of (50/(-15))/(f/6)?
5
Suppose 16787*j = 16782*j + 17210. What is the hundreds digit of j?
4
What is the units digit of 3 + (-3 - -10) - -1348?
8
Suppose 3*p = -c + 5*c + 4, -2*p - 5*c = -18. What is the tens digit of ((-258)/p)/(5 + (-55)/10)?
2
Suppose u = -4*z - 11 + 3, -z = 3*u - 9. Let h(f) = -f**3 + 3*f**2 + 7*f - 1. What is the units digit of h(z)?
2
Suppose -44*g + 42*g = 4. Let l(v) = v**3 + 2*v**2 - 3*v - 4. Let c be l(g). Suppose 4*y = c*y + 76. What is the units digit of y?
8
Let c = -988 - -1242. What is the hundreds digit of c?
2
Let i = -2 + 0. What is the units digit of i - ((-256)/4 + 3)?
9
Let w(m) = m + 12. Suppose 6*d - d = 0. Suppose -5*u = 4*j - 45, -2*j + 6*j = d. What is the units digit of w(u)?
1
Suppose -4 = -0*m + 2*m. Let q be m - (-1 + -34 + 1). Let l = q + -17. What is the tens digit of l?
1
Suppose -13*n = -11*n. Suppose -z = -5*g - n*z - 22, 2*z = -2*g - 4. Let m = 27 - g. What is the tens digit of m?
3
Let h(g) = -g**3 + 23*g**2 + 28*g + 30. Let c(k) = 3*k**2 + k - 6. Let d be c(3). What is the tens digit of h(d)?
2
Let a(q) = 2*q**2 - 8*q - 5. Let n be a(6). Let v = 43 - n. Let j = 50 - v. What is the tens digit of j?
2
Let a(f) = -6*f + 44. Let x be a(7). Suppose 0 = -o - x*d + 86, 9*d - 332 = -4*o + 5*d. What is the tens digit of o?
8
Let i(t) = t**3 + 6*t**2 - 8*t - 11. Let f(h) = h + 1. Let a = -11 + 13. Let r(s) = a*f(s) + i(s). What is the tens digit of r(-6)?
2
Let m(a) be the first derivative of a**4/4 + 2*a**3 + 3*a**2/2 - 3*a - 2. Suppose 4*w + 10 = 2*w. What is the units digit of m(w)?
7
Suppose -1560 = -3*j + 4*l, -j - 2*l + 507 = l. What is the units digit of j?
6
Let w(s) = 2*s**2 - s - 2. Let l be w(-3). Suppose 0 = l*p - 21*p + 284. What is the hundreds digit of p?
1
Let x = 335 - 115. What is the hundreds digit of x?
2
Let x(b) be the first derivative of b**2 + 4. Let d be x(-2). What is the units digit of (d/4 + 0)*-30?
0
Suppose 4*o - 3*u - 4363 = 3550, -5*u + 7889 = 4*o. What is the hundreds digit of o?
9
Let a be 348/(-24) + 1/2. Let p be -2 + 1 - (0 - 17). Let z = p - a. What is the units digit of z?
0
Let s(g) = -g**2 - 2. Let f be s(0). Let d be (-1)/f*(1 + 5). Let w(o) = 2*o**2 - o + 3. What is the tens digit of w(d)?
1
Suppose 4*g - 18 = 54. Let o = g - 16. Suppose o*z - 6*z = -108. What is the units digit of z?
7
Let h be 45/12 + 9/(-12). Suppose -h*p + 6 = -0*p. Suppose -2*d + 5*v = -73, 5*d - 199 = -2*v - p*v. What is the units digit of d?
9
What is the hundreds digit of 3*(24/15)/(27/900)?
1
Let y = 1 + -1. Let j(p) = p**3 - 5*p**2 + 3*p - 11. Let x be j(7). Suppose 6*f - 2*f - x = y. What is the units digit of f?
7
Suppose i = 3 - 0. Let n(o) = -o**3 + 3*o**2 - 3*o + 3. Let q be n(i). Let t = 11 + q. What is the units digit of t?
5
Let y(v) be the second derivative of v**4/12 + 5*v**3/3 + 7*v**2/2 + 10*v. Let d be y(-8). Let b(w) = w**2 + 2*w - 9. What is the tens digit of b(d)?
5
Let u(z) = -z**3 - 40*z**2 + 145*z + 57. What is the thousands digit of u(-44)?
1
Suppose 4*o + 5 = -o, 5*y + 3*o = 1652. What is the units digit of y?
1
Let a(k) = k**3 - 10*k**2 - k + 4. Let s be a(10). Let x be -18*((-6)/2)/s. Let f = 18 + x. What is the units digit of f?
9
Let i = 19 + -17. What is the units digit of i*(77/2 + -2) - 3?
0
Suppose 137*s - 7350 = 131*s. What is the thousands digit of s?
1
Let g(t) = t**3 - 7*t**2 + 6*t - 11. Let r = 40 - 4. Let s be r/5 + (-2)/10. What is the tens digit of g(s)?
3
Let w = -11 + 15. Let x(d) = -d**2 + 10*d - 6. Let l be x(w). Let h = -9 + l. What is the units digit of h?
9
Let r(b) = 17*b**2 - 4*b - 86. What is the tens digit of r(-8)?
3
Let v = -88 + -272. What is the tens digit of (8/10)/((-6)/v)?
4
Let r = -983 - -1799. Suppose 3*y = 4*z + z + 494, -5*y + r = -z. What is the units digit of y?
3
Let u(v) = -v**3 + 3*v**2 - 2. Let r be u(3). What is the units digit of r/(-6)*-38*(-30)/4?
5
Let i(d) = 11*d**2 - 20*d + 8. Let g = -16 - -20. What is the units digit of i(g)?
4
Suppose -8020 = -5*g - 5*l, -9*g + 3*l = -4*g - 8060. What is the thousands digit of g?
1
Suppose n + 2 = 6. What is the units digit of (-260)/(-15)*6/n?
6
Let f = -182 + 668. Let b = f - 212. What is the hundreds digit of b?
2
Let s(g) = g**3 + 13*g**2 + 17*g + 48. Let i be s(-11). Let p = 196 - i. What is the units digit of p?
3
Suppose -5*l = -8*l + 36. Suppose -l*r = -8*r - 68. Suppose -5 = 4*s - r. What is the units digit of s?
3
Let m be ((-45)/12)/(-3)*24. Let b be 36/m - 1/5. What is the units digit of ((-11)/(-3))/b*3?
1
Let g(v) = 7*v**2 - 2*v - 2. Let y be g(-1). Let w(h) = h**3 - 8*h**2 + 8*h - 7. Let p be w(y). Let i = p - -20. What is the units digit of i?
0
Let h(l) = 2*l - 40. Let x be h(19). Let k(t) = -3*t**3 - 2*t**2 - 4*t - 2. What is the units digit of k(x)?
2
Let n be (-22)/(-6)*(-4 + -2). Let r = n - -30. What is the units digit of r?
8
Suppose -369 = 6*i - 3885. What is the tens digit of i?
8
What is the units digit of ((-16 - 14) + -1)*(-3 + 0)?
3
Let a = -407 - -1891. What is the tens digit of a?
8
Let c = -27 - 88. Let a be (9261/35)/7*5. Let z = c + a. What is the tens digit of z?
7
Let n(g) = 9*g**2 - 8*g**2 + 0*g + g. Let o be n(-3). Suppose -4*v + o = -2. What is the units digit of v?
2
Let r(l) = 23*l**2 + 36*l - 228. What is the units digit of r(6)?
6
Suppose 16 = 3*w + w, 5*b - 12271 = -4*w. What is the units digit of b?
1
Suppose 0 = -9*o + 8*o + 753. What is the units digit of o?
3
What is the units digit of (-8)/44 - (-70444)/121?
2
Let k = 3 - -1. Suppose -k*v = -51 - 21. What is the tens digit of v?
1
Suppose 0 = -2*r - 6*r - 72. What is the hundreds digit of ((-480)/(-2))/(r/(-6))?
1
Let f = 158 - 82. Suppose 2*w - 210 = -f. What is the units digit of w?
7
Let w = -114 - -130. S